{"version":"1.0","provider_name":"Tourismus Bosnien und Herzegowina: Besuchen Sie BiH","provider_url":"https:\/\/www.tourismbih.com\/de\/","title":"Schwarz und Wei\u00df - Tourismus Bosnien und Herzegowina: Besuchen Sie BiH","type":"rich","width":600,"height":338,"html":"<blockquote class=\"wp-embedded-content\" data-secret=\"QrOV3XGTPg\"><a href=\"https:\/\/www.tourismbih.com\/de\/location\/black-white\/\">Schwarz und Wei\u00df<\/a><\/blockquote><iframe sandbox=\"allow-scripts\" security=\"restricted\" src=\"https:\/\/www.tourismbih.com\/de\/location\/black-white\/embed\/#?secret=QrOV3XGTPg\" width=\"600\" height=\"338\" title=\"&#8222;Schwarz und Wei\u00df&#8220; &#8211; Tourismus Bosnien und Herzegowina: Besuchen Sie BiH\" data-secret=\"QrOV3XGTPg\" frameborder=\"0\" marginwidth=\"0\" marginheight=\"0\" scrolling=\"no\" class=\"wp-embedded-content\"><\/iframe><script>\n\/*! This file is auto-generated *\/\n!function(d,l){\"use strict\";l.querySelector&&d.addEventListener&&\"undefined\"!=typeof URL&&(d.wp=d.wp||{},d.wp.receiveEmbedMessage||(d.wp.receiveEmbedMessage=function(e){var t=e.data;if((t||t.secret||t.message||t.value)&&!\/[^a-zA-Z0-9]\/.test(t.secret)){for(var s,r,n,a=l.querySelectorAll('iframe[data-secret=\"'+t.secret+'\"]'),o=l.querySelectorAll('blockquote[data-secret=\"'+t.secret+'\"]'),c=new RegExp(\"^https?:$\",\"i\"),i=0;i<o.length;i++)o[i].style.display=\"none\";for(i=0;i<a.length;i++)s=a[i],e.source===s.contentWindow&&(s.removeAttribute(\"style\"),\"height\"===t.message?(1e3<(r=parseInt(t.value,10))?r=1e3:~~r<200&&(r=200),s.height=r):\"link\"===t.message&&(r=new URL(s.getAttribute(\"src\")),n=new URL(t.value),c.test(n.protocol))&&n.host===r.host&&l.activeElement===s&&(d.top.location.href=t.value))}},d.addEventListener(\"message\",d.wp.receiveEmbedMessage,!1),l.addEventListener(\"DOMContentLoaded\",function(){for(var e,t,s=l.querySelectorAll(\"iframe.wp-embedded-content\"),r=0;r<s.length;r++)(t=(e=s[r]).getAttribute(\"data-secret\"))||(t=Math.random().toString(36).substring(2,12),e.src+=\"#?secret=\"+t,e.setAttribute(\"data-secret\",t)),e.contentWindow.postMessage({message:\"ready\",secret:t},\"*\")},!1)))}(window,document);\n<\/script>\n","description":"Schwarz &#038; Wei\u00df, eingebettet in die malerische Kulina Bana Gegend von Gora\u017ede, ist eine charmante Bar und Caf\u00e9, die sowohl Einheimischen als auch Besuchern eine einladende Atmosph\u00e4re bietet. Mit einer k\u00f6stlichen Auswahl an Getr\u00e4nken und leichten Snacks ist dieser Ort ideal, um sich zu entspannen und die lebendige soziale Szene zu genie\u00dfen. Ob Sie einen ... Weiterlesen"}

Schwarz und Weiß - Tourismus Bosnien und Herzegowina: Besuchen Sie BiH

<blockquote class="wp-embedded-content" data-secret="QrOV3XGTPg"><a href="https://www.tourismbih.com/de/location/black-white/">Schwarz und Weiß</a></blockquote><iframe sandbox="allow-scripts" security="restricted" src="https://www.tourismbih.com/de/location/black-white/embed/#?secret=QrOV3XGTPg" width="600" height="338" title="&#8222;Schwarz und Weiß&#8220; &#8211; Tourismus Bosnien und Herzegowina: Besuchen Sie BiH" data-secret="QrOV3XGTPg" frameborder="0" marginwidth="0" marginheight="0" scrolling="no" class="wp-embedded-content"></iframe><script>
/*! This file is auto-generated */
!function(d,l){"use strict";l.querySelector&&d.addEventListener&&"undefined"!=typeof URL&&(d.wp=d.wp||{},d.wp.receiveEmbedMessage||(d.wp.receiveEmbedMessage=function(e){var t=e.data;if((t||t.secret||t.message||t.value)&&!/[^a-zA-Z0-9]/.test(t.secret)){for(var s,r,n,a=l.querySelectorAll('iframe[data-secret="'+t.secret+'"]'),o=l.querySelectorAll('blockquote[data-secret="'+t.secret+'"]'),c=new RegExp("^https?:$","i"),i=0;i<o.length;i++)o[i].style.display="none";for(i=0;i<a.length;i++)s=a[i],e.source===s.contentWindow&&(s.removeAttribute("style"),"height"===t.message?(1e3<(r=parseInt(t.value,10))?r=1e3:~~r<200&&(r=200),s.height=r):"link"===t.message&&(r=new URL(s.getAttribute("src")),n=new URL(t.value),c.test(n.protocol))&&n.host===r.host&&l.activeElement===s&&(d.top.location.href=t.value))}},d.addEventListener("message",d.wp.receiveEmbedMessage,!1),l.addEventListener("DOMContentLoaded",function(){for(var e,t,s=l.querySelectorAll("iframe.wp-embedded-content"),r=0;r<s.length;r++)(t=(e=s[r]).getAttribute("data-secret"))||(t=Math.random().toString(36).substring(2,12),e.src+="#?secret="+t,e.setAttribute("data-secret",t)),e.contentWindow.postMessage({message:"ready",secret:t},"*")},!1)))}(window,document);
</script>

Schwarz &#038; Weiß, eingebettet in die malerische Kulina Bana Gegend von Goražde, ist eine charmante Bar und Café, die sowohl Einheimischen als auch Besuchern eine einladende Atmosphäre bietet. Mit einer köstlichen Auswahl an Getränken und leichten Snacks ist dieser Ort ideal, um sich zu entspannen und die lebendige soziale Szene zu genießen. Ob Sie einen ... Weiterlesen
