{"version":"1.0","provider_name":"Turismo Bosnia y Herzegovina: Visita BiH","provider_url":"https:\/\/www.tourismbih.com\/es\/","title":"caf\u00e9 Galer\u00eda - Turismo Bosnia y Herzegovina: Visita BiH","type":"rich","width":600,"height":338,"html":"<blockquote class=\"wp-embedded-content\" data-secret=\"SDW5sRE70j\"><a href=\"https:\/\/www.tourismbih.com\/es\/location\/caffe-galerija-2\/\">caf\u00e9 Galer\u00eda<\/a><\/blockquote><iframe sandbox=\"allow-scripts\" security=\"restricted\" src=\"https:\/\/www.tourismbih.com\/es\/location\/caffe-galerija-2\/embed\/#?secret=SDW5sRE70j\" width=\"600\" height=\"338\" title=\"\u00abcaf\u00e9 Galer\u00eda\u00bb \u2014 Turismo Bosnia y Herzegovina: Visita BiH\" data-secret=\"SDW5sRE70j\" frameborder=\"0\" marginwidth=\"0\" marginheight=\"0\" scrolling=\"no\" class=\"wp-embedded-content\"><\/iframe><script>\n\/*! This file is auto-generated *\/\n!function(d,l){\"use strict\";l.querySelector&&d.addEventListener&&\"undefined\"!=typeof URL&&(d.wp=d.wp||{},d.wp.receiveEmbedMessage||(d.wp.receiveEmbedMessage=function(e){var t=e.data;if((t||t.secret||t.message||t.value)&&!\/[^a-zA-Z0-9]\/.test(t.secret)){for(var s,r,n,a=l.querySelectorAll('iframe[data-secret=\"'+t.secret+'\"]'),o=l.querySelectorAll('blockquote[data-secret=\"'+t.secret+'\"]'),c=new RegExp(\"^https?:$\",\"i\"),i=0;i<o.length;i++)o[i].style.display=\"none\";for(i=0;i<a.length;i++)s=a[i],e.source===s.contentWindow&&(s.removeAttribute(\"style\"),\"height\"===t.message?(1e3<(r=parseInt(t.value,10))?r=1e3:~~r<200&&(r=200),s.height=r):\"link\"===t.message&&(r=new URL(s.getAttribute(\"src\")),n=new URL(t.value),c.test(n.protocol))&&n.host===r.host&&l.activeElement===s&&(d.top.location.href=t.value))}},d.addEventListener(\"message\",d.wp.receiveEmbedMessage,!1),l.addEventListener(\"DOMContentLoaded\",function(){for(var e,t,s=l.querySelectorAll(\"iframe.wp-embedded-content\"),r=0;r<s.length;r++)(t=(e=s[r]).getAttribute(\"data-secret\"))||(t=Math.random().toString(36).substring(2,12),e.src+=\"#?secret=\"+t,e.setAttribute(\"data-secret\",t)),e.contentWindow.postMessage({message:\"ready\",secret:t},\"*\")},!1)))}(window,document);\n<\/script>\n","description":"Caffe Galerija, situado en el coraz\u00f3n de Mostar en la direcci\u00f3n 8RV5+FMQ, Adema Bu\u0107a, ofrece una encantadora experiencia de caf\u00e9 tanto para los locales como para los visitantes. Conocido por su ambiente acogedor, este caf\u00e9 es el lugar perfecto para disfrutar de una rica taza de caf\u00e9 o saborear un ligero aperitivo. Con opciones para ... Leer m\u00e1s"}

café Galería - Turismo Bosnia y Herzegovina: Visita BiH

<blockquote class="wp-embedded-content" data-secret="SDW5sRE70j"><a href="https://www.tourismbih.com/es/location/caffe-galerija-2/">café Galería</a></blockquote><iframe sandbox="allow-scripts" security="restricted" src="https://www.tourismbih.com/es/location/caffe-galerija-2/embed/#?secret=SDW5sRE70j" width="600" height="338" title="«café Galería» — Turismo Bosnia y Herzegovina: Visita BiH" data-secret="SDW5sRE70j" frameborder="0" marginwidth="0" marginheight="0" scrolling="no" class="wp-embedded-content"></iframe><script>
/*! This file is auto-generated */
!function(d,l){"use strict";l.querySelector&&d.addEventListener&&"undefined"!=typeof URL&&(d.wp=d.wp||{},d.wp.receiveEmbedMessage||(d.wp.receiveEmbedMessage=function(e){var t=e.data;if((t||t.secret||t.message||t.value)&&!/[^a-zA-Z0-9]/.test(t.secret)){for(var s,r,n,a=l.querySelectorAll('iframe[data-secret="'+t.secret+'"]'),o=l.querySelectorAll('blockquote[data-secret="'+t.secret+'"]'),c=new RegExp("^https?:$","i"),i=0;i<o.length;i++)o[i].style.display="none";for(i=0;i<a.length;i++)s=a[i],e.source===s.contentWindow&&(s.removeAttribute("style"),"height"===t.message?(1e3<(r=parseInt(t.value,10))?r=1e3:~~r<200&&(r=200),s.height=r):"link"===t.message&&(r=new URL(s.getAttribute("src")),n=new URL(t.value),c.test(n.protocol))&&n.host===r.host&&l.activeElement===s&&(d.top.location.href=t.value))}},d.addEventListener("message",d.wp.receiveEmbedMessage,!1),l.addEventListener("DOMContentLoaded",function(){for(var e,t,s=l.querySelectorAll("iframe.wp-embedded-content"),r=0;r<s.length;r++)(t=(e=s[r]).getAttribute("data-secret"))||(t=Math.random().toString(36).substring(2,12),e.src+="#?secret="+t,e.setAttribute("data-secret",t)),e.contentWindow.postMessage({message:"ready",secret:t},"*")},!1)))}(window,document);
</script>

Caffe Galerija, situado en el corazón de Mostar en la dirección 8RV5+FMQ, Adema Buća, ofrece una encantadora experiencia de café tanto para los locales como para los visitantes. Conocido por su ambiente acogedor, este café es el lugar perfecto para disfrutar de una rica taza de café o saborear un ligero aperitivo. Con opciones para ... Leer más
