{"version":"1.0","provider_name":"Turismo Bosnia y Herzegovina: Visita BiH","provider_url":"https:\/\/www.tourismbih.com\/es\/","title":"Caf\u00e9 \"Latino\" - Turismo Bosnia y Herzegovina: Visita BiH","type":"rich","width":600,"height":338,"html":"<blockquote class=\"wp-embedded-content\" data-secret=\"lZpsgNFjGG\"><a href=\"https:\/\/www.tourismbih.com\/es\/location\/caffe-latino\/\">Caf\u00e9 \u00abLatino\u00bb<\/a><\/blockquote><iframe sandbox=\"allow-scripts\" security=\"restricted\" src=\"https:\/\/www.tourismbih.com\/es\/location\/caffe-latino\/embed\/#?secret=lZpsgNFjGG\" width=\"600\" height=\"338\" title=\"\u00abCaf\u00e9 \u00abLatino\u00bb\u00bb \u2014 Turismo Bosnia y Herzegovina: Visita BiH\" data-secret=\"lZpsgNFjGG\" frameborder=\"0\" marginwidth=\"0\" marginheight=\"0\" scrolling=\"no\" class=\"wp-embedded-content\"><\/iframe><script>\n\/*! This file is auto-generated *\/\n!function(d,l){\"use strict\";l.querySelector&&d.addEventListener&&\"undefined\"!=typeof URL&&(d.wp=d.wp||{},d.wp.receiveEmbedMessage||(d.wp.receiveEmbedMessage=function(e){var t=e.data;if((t||t.secret||t.message||t.value)&&!\/[^a-zA-Z0-9]\/.test(t.secret)){for(var s,r,n,a=l.querySelectorAll('iframe[data-secret=\"'+t.secret+'\"]'),o=l.querySelectorAll('blockquote[data-secret=\"'+t.secret+'\"]'),c=new RegExp(\"^https?:$\",\"i\"),i=0;i<o.length;i++)o[i].style.display=\"none\";for(i=0;i<a.length;i++)s=a[i],e.source===s.contentWindow&&(s.removeAttribute(\"style\"),\"height\"===t.message?(1e3<(r=parseInt(t.value,10))?r=1e3:~~r<200&&(r=200),s.height=r):\"link\"===t.message&&(r=new URL(s.getAttribute(\"src\")),n=new URL(t.value),c.test(n.protocol))&&n.host===r.host&&l.activeElement===s&&(d.top.location.href=t.value))}},d.addEventListener(\"message\",d.wp.receiveEmbedMessage,!1),l.addEventListener(\"DOMContentLoaded\",function(){for(var e,t,s=l.querySelectorAll(\"iframe.wp-embedded-content\"),r=0;r<s.length;r++)(t=(e=s[r]).getAttribute(\"data-secret\"))||(t=Math.random().toString(36).substring(2,12),e.src+=\"#?secret=\"+t,e.setAttribute(\"data-secret\",t)),e.contentWindow.postMessage({message:\"ready\",secret:t},\"*\")},!1)))}(window,document);\n<\/script>\n","description":"Cafeter\u00eda \u00abLatino\u00bb, ubicada en el encantador pueblo de \u0106orali\u0107i, es un acogedor caf\u00e9 que invita a los visitantes a disfrutar de una atm\u00f3sfera relajada, perfecta para saborear una deliciosa taza de caf\u00e9. Este rinc\u00f3n acogedor es ideal tanto para comer en el local como para llevar, lo que lo convierte en una opci\u00f3n conveniente para ... Leer m\u00e1s"}

Café "Latino" - Turismo Bosnia y Herzegovina: Visita BiH

<blockquote class="wp-embedded-content" data-secret="lZpsgNFjGG"><a href="https://www.tourismbih.com/es/location/caffe-latino/">Café «Latino»</a></blockquote><iframe sandbox="allow-scripts" security="restricted" src="https://www.tourismbih.com/es/location/caffe-latino/embed/#?secret=lZpsgNFjGG" width="600" height="338" title="«Café «Latino»» — Turismo Bosnia y Herzegovina: Visita BiH" data-secret="lZpsgNFjGG" frameborder="0" marginwidth="0" marginheight="0" scrolling="no" class="wp-embedded-content"></iframe><script>
/*! This file is auto-generated */
!function(d,l){"use strict";l.querySelector&&d.addEventListener&&"undefined"!=typeof URL&&(d.wp=d.wp||{},d.wp.receiveEmbedMessage||(d.wp.receiveEmbedMessage=function(e){var t=e.data;if((t||t.secret||t.message||t.value)&&!/[^a-zA-Z0-9]/.test(t.secret)){for(var s,r,n,a=l.querySelectorAll('iframe[data-secret="'+t.secret+'"]'),o=l.querySelectorAll('blockquote[data-secret="'+t.secret+'"]'),c=new RegExp("^https?:$","i"),i=0;i<o.length;i++)o[i].style.display="none";for(i=0;i<a.length;i++)s=a[i],e.source===s.contentWindow&&(s.removeAttribute("style"),"height"===t.message?(1e3<(r=parseInt(t.value,10))?r=1e3:~~r<200&&(r=200),s.height=r):"link"===t.message&&(r=new URL(s.getAttribute("src")),n=new URL(t.value),c.test(n.protocol))&&n.host===r.host&&l.activeElement===s&&(d.top.location.href=t.value))}},d.addEventListener("message",d.wp.receiveEmbedMessage,!1),l.addEventListener("DOMContentLoaded",function(){for(var e,t,s=l.querySelectorAll("iframe.wp-embedded-content"),r=0;r<s.length;r++)(t=(e=s[r]).getAttribute("data-secret"))||(t=Math.random().toString(36).substring(2,12),e.src+="#?secret="+t,e.setAttribute("data-secret",t)),e.contentWindow.postMessage({message:"ready",secret:t},"*")},!1)))}(window,document);
</script>

Cafetería «Latino», ubicada en el encantador pueblo de Ćoralići, es un acogedor café que invita a los visitantes a disfrutar de una atmósfera relajada, perfecta para saborear una deliciosa taza de café. Este rincón acogedor es ideal tanto para comer en el local como para llevar, lo que lo convierte en una opción conveniente para ... Leer más
