{"id":36061,"date":"2024-08-11T09:20:05","date_gmt":"2024-08-11T09:20:05","guid":{"rendered":"https:\/\/www.tourismbih.com\/event\/zenica-summer-fest\/"},"modified":"2024-08-16T11:33:20","modified_gmt":"2024-08-16T11:33:20","slug":"zenica-summer-fest","status":"publish","type":"event","link":"https:\/\/www.tourismbih.com\/es\/event\/zenica-summer-fest\/","title":{"rendered":"Festival de Verano de Zenica"},"content":{"rendered":"<p><strong>Noches de Verano en Zenica<\/strong> es un festival cultural que se celebra cada a\u00f1o en Zenica. El festival \u00abNoches de Verano en Zenica\u00bb se organiz\u00f3 por primera vez en 1997. Este festival abarca una variedad de eventos como conciertos, obras de teatro, proyecciones de pel\u00edculas, exposiciones, talleres y otras actividades culturales. El objetivo del festival es promover la cultura, el arte y el turismo en Zenica, as\u00ed como ofrecer entretenimiento y recreaci\u00f3n para los ciudadanos y visitantes.<\/p>\n<p>El festival generalmente dura varios d\u00edas y se lleva a cabo durante el verano, cuando las condiciones clim\u00e1ticas son m\u00e1s favorables para eventos al aire libre. Las Noches de Verano en Zenica atraen a artistas y performers de Bosnia y Herzegovina, as\u00ed como de otros pa\u00edses, lo que contribuye a la diversidad y riqueza del programa.<\/p>\n<p>Los organizadores del festival se esfuerzan por introducir nuevos contenidos y actividades cada a\u00f1o para atraer al mayor n\u00famero posible de visitantes y mejorar la vida cultural de Zenica. El festival tiene un impacto significativo en la comunidad local y en la econom\u00eda, ya que atrae turistas y contribuye a la promoci\u00f3n de la ciudad a nivel regional e internacional.<\/p>\n","protected":false},"excerpt":{"rendered":"<p>Noches de Verano en Zenica es un festival cultural que se celebra cada a\u00f1o en Zenica. El festival \u00abNoches de Verano en Zenica\u00bb se organiz\u00f3 por primera vez en 1997. Este festival abarca una variedad de eventos como conciertos, obras de teatro, proyecciones de pel\u00edculas, exposiciones, talleres y otras actividades culturales. El objetivo del festival &#8230; <a title=\"Festival de Verano de Zenica\" class=\"read-more\" href=\"https:\/\/www.tourismbih.com\/es\/event\/zenica-summer-fest\/\" aria-label=\"Leer m\u00e1s sobre Festival de Verano de Zenica\">Leer m\u00e1s<\/a><\/p>\n","protected":false},"featured_media":35081,"menu_order":189,"template":"","meta":{"_acf_changed":false},"category_events":[997],"class_list":["post-36061","event","type-event","status-publish","has-post-thumbnail","hentry","category_events-cultural-festivals"],"acf":[],"yoast_head":"<!-- This site is optimized with the Yoast SEO plugin v27.5 - https:\/\/yoast.com\/product\/yoast-seo-wordpress\/ -->\n<title>Festival de Verano de Zenica - Turismo Bosnia y Herzegovina: Visita BiH<\/title>\n<meta name=\"robots\" content=\"index, follow, max-snippet:-1, max-image-preview:large, max-video-preview:-1\" \/>\n<link rel=\"canonical\" href=\"https:\/\/www.tourismbih.com\/es\/event\/zenica-summer-fest\/\" \/>\n<meta property=\"og:locale\" content=\"es_ES\" \/>\n<meta property=\"og:type\" content=\"article\" \/>\n<meta property=\"og:title\" content=\"Festival de Verano de Zenica - Turismo Bosnia y Herzegovina: Visita BiH\" \/>\n<meta property=\"og:description\" content=\"Noches de Verano en Zenica es un festival cultural que se celebra cada a\u00f1o en Zenica. El festival \u00abNoches de Verano en Zenica\u00bb se organiz\u00f3 por primera vez en 1997. Este festival abarca una variedad de eventos como conciertos, obras de teatro, proyecciones de pel\u00edculas, exposiciones, talleres y otras actividades culturales. El objetivo del festival ... Leer m\u00e1s\" \/>\n<meta property=\"og:url\" content=\"https:\/\/www.tourismbih.com\/es\/event\/zenica-summer-fest\/\" \/>\n<meta property=\"og:site_name\" content=\"Turismo Bosnia y Herzegovina: Visita BiH\" \/>\n<meta property=\"article:modified_time\" content=\"2024-08-16T11:33:20+00:00\" \/>\n<meta property=\"og:image\" content=\"https:\/\/www.tourismbih.com\/wp-content\/uploads\/2024\/08\/zenica.jpg\" \/>\n\t<meta property=\"og:image:width\" content=\"910\" \/>\n\t<meta property=\"og:image:height\" content=\"643\" \/>\n\t<meta property=\"og:image:type\" content=\"image\/jpeg\" \/>\n<meta name=\"twitter:card\" content=\"summary_large_image\" \/>\n<meta name=\"twitter:label1\" content=\"Tiempo de lectura\" \/>\n\t<meta name=\"twitter:data1\" content=\"1 minuto\" \/>\n<script type=\"application\/ld+json\" class=\"yoast-schema-graph\">{\"@context\":\"https:\\\/\\\/schema.org\",\"@graph\":[{\"@type\":\"WebPage\",\"@id\":\"https:\\\/\\\/www.tourismbih.com\\\/es\\\/event\\\/zenica-summer-fest\\\/\",\"url\":\"https:\\\/\\\/www.tourismbih.com\\\/es\\\/event\\\/zenica-summer-fest\\\/\",\"name\":\"Festival de Verano de Zenica - Turismo Bosnia y Herzegovina: Visita BiH\",\"isPartOf\":{\"@id\":\"https:\\\/\\\/www.tourismbih.com\\\/es\\\/#website\"},\"primaryImageOfPage\":{\"@id\":\"https:\\\/\\\/www.tourismbih.com\\\/es\\\/event\\\/zenica-summer-fest\\\/#primaryimage\"},\"image\":{\"@id\":\"https:\\\/\\\/www.tourismbih.com\\\/es\\\/event\\\/zenica-summer-fest\\\/#primaryimage\"},\"thumbnailUrl\":\"https:\\\/\\\/www.tourismbih.com\\\/wp-content\\\/uploads\\\/2024\\\/08\\\/zenica.jpg\",\"datePublished\":\"2024-08-11T09:20:05+00:00\",\"dateModified\":\"2024-08-16T11:33:20+00:00\",\"breadcrumb\":{\"@id\":\"https:\\\/\\\/www.tourismbih.com\\\/es\\\/event\\\/zenica-summer-fest\\\/#breadcrumb\"},\"inLanguage\":\"es\",\"potentialAction\":[{\"@type\":\"ReadAction\",\"target\":[\"https:\\\/\\\/www.tourismbih.com\\\/es\\\/event\\\/zenica-summer-fest\\\/\"]}]},{\"@type\":\"ImageObject\",\"inLanguage\":\"es\",\"@id\":\"https:\\\/\\\/www.tourismbih.com\\\/es\\\/event\\\/zenica-summer-fest\\\/#primaryimage\",\"url\":\"https:\\\/\\\/www.tourismbih.com\\\/wp-content\\\/uploads\\\/2024\\\/08\\\/zenica.jpg\",\"contentUrl\":\"https:\\\/\\\/www.tourismbih.com\\\/wp-content\\\/uploads\\\/2024\\\/08\\\/zenica.jpg\",\"width\":910,\"height\":643},{\"@type\":\"BreadcrumbList\",\"@id\":\"https:\\\/\\\/www.tourismbih.com\\\/es\\\/event\\\/zenica-summer-fest\\\/#breadcrumb\",\"itemListElement\":[{\"@type\":\"ListItem\",\"position\":1,\"name\":\"Home\",\"item\":\"https:\\\/\\\/www.tourismbih.com\\\/es\\\/\"},{\"@type\":\"ListItem\",\"position\":2,\"name\":\"Events\",\"item\":\"https:\\\/\\\/www.tourismbih.com\\\/es\\\/event\\\/\"},{\"@type\":\"ListItem\",\"position\":3,\"name\":\"Festival de Verano de Zenica\"}]},{\"@type\":\"WebSite\",\"@id\":\"https:\\\/\\\/www.tourismbih.com\\\/es\\\/#website\",\"url\":\"https:\\\/\\\/www.tourismbih.com\\\/es\\\/\",\"name\":\"Turismo Bosnia y Herzegovina: Visita BiH\",\"description\":\"The heart shaped land at your fingertips\",\"publisher\":{\"@id\":\"https:\\\/\\\/www.tourismbih.com\\\/es\\\/#organization\"},\"potentialAction\":[{\"@type\":\"SearchAction\",\"target\":{\"@type\":\"EntryPoint\",\"urlTemplate\":\"https:\\\/\\\/www.tourismbih.com\\\/es\\\/?s={search_term_string}\"},\"query-input\":{\"@type\":\"PropertyValueSpecification\",\"valueRequired\":true,\"valueName\":\"search_term_string\"}}],\"inLanguage\":\"es\"},{\"@type\":\"Organization\",\"@id\":\"https:\\\/\\\/www.tourismbih.com\\\/es\\\/#organization\",\"name\":\"Turismo Bosnia y Herzegovina: Visita BiH\",\"url\":\"https:\\\/\\\/www.tourismbih.com\\\/es\\\/\",\"logo\":{\"@type\":\"ImageObject\",\"inLanguage\":\"es\",\"@id\":\"https:\\\/\\\/www.tourismbih.com\\\/es\\\/#\\\/schema\\\/logo\\\/image\\\/\",\"url\":\"https:\\\/\\\/www.tourismbih.com\\\/wp-content\\\/uploads\\\/2025\\\/02\\\/new-logo-white-resized.svg\",\"contentUrl\":\"https:\\\/\\\/www.tourismbih.com\\\/wp-content\\\/uploads\\\/2025\\\/02\\\/new-logo-white-resized.svg\",\"caption\":\"Turismo Bosnia y Herzegovina: Visita BiH\"},\"image\":{\"@id\":\"https:\\\/\\\/www.tourismbih.com\\\/es\\\/#\\\/schema\\\/logo\\\/image\\\/\"}}]}<\/script>\n<!-- \/ Yoast SEO plugin. -->","yoast_head_json":{"title":"Festival de Verano de Zenica - Turismo Bosnia y Herzegovina: Visita BiH","robots":{"index":"index","follow":"follow","max-snippet":"max-snippet:-1","max-image-preview":"max-image-preview:large","max-video-preview":"max-video-preview:-1"},"canonical":"https:\/\/www.tourismbih.com\/es\/event\/zenica-summer-fest\/","og_locale":"es_ES","og_type":"article","og_title":"Festival de Verano de Zenica - Turismo Bosnia y Herzegovina: Visita BiH","og_description":"Noches de Verano en Zenica es un festival cultural que se celebra cada a\u00f1o en Zenica. El festival \u00abNoches de Verano en Zenica\u00bb se organiz\u00f3 por primera vez en 1997. Este festival abarca una variedad de eventos como conciertos, obras de teatro, proyecciones de pel\u00edculas, exposiciones, talleres y otras actividades culturales. El objetivo del festival ... Leer m\u00e1s","og_url":"https:\/\/www.tourismbih.com\/es\/event\/zenica-summer-fest\/","og_site_name":"Turismo Bosnia y Herzegovina: Visita BiH","article_modified_time":"2024-08-16T11:33:20+00:00","og_image":[{"width":910,"height":643,"url":"https:\/\/www.tourismbih.com\/wp-content\/uploads\/2024\/08\/zenica.jpg","type":"image\/jpeg"}],"twitter_card":"summary_large_image","twitter_misc":{"Tiempo de lectura":"1 minuto"},"schema":{"@context":"https:\/\/schema.org","@graph":[{"@type":"WebPage","@id":"https:\/\/www.tourismbih.com\/es\/event\/zenica-summer-fest\/","url":"https:\/\/www.tourismbih.com\/es\/event\/zenica-summer-fest\/","name":"Festival de Verano de Zenica - Turismo Bosnia y Herzegovina: Visita BiH","isPartOf":{"@id":"https:\/\/www.tourismbih.com\/es\/#website"},"primaryImageOfPage":{"@id":"https:\/\/www.tourismbih.com\/es\/event\/zenica-summer-fest\/#primaryimage"},"image":{"@id":"https:\/\/www.tourismbih.com\/es\/event\/zenica-summer-fest\/#primaryimage"},"thumbnailUrl":"https:\/\/www.tourismbih.com\/wp-content\/uploads\/2024\/08\/zenica.jpg","datePublished":"2024-08-11T09:20:05+00:00","dateModified":"2024-08-16T11:33:20+00:00","breadcrumb":{"@id":"https:\/\/www.tourismbih.com\/es\/event\/zenica-summer-fest\/#breadcrumb"},"inLanguage":"es","potentialAction":[{"@type":"ReadAction","target":["https:\/\/www.tourismbih.com\/es\/event\/zenica-summer-fest\/"]}]},{"@type":"ImageObject","inLanguage":"es","@id":"https:\/\/www.tourismbih.com\/es\/event\/zenica-summer-fest\/#primaryimage","url":"https:\/\/www.tourismbih.com\/wp-content\/uploads\/2024\/08\/zenica.jpg","contentUrl":"https:\/\/www.tourismbih.com\/wp-content\/uploads\/2024\/08\/zenica.jpg","width":910,"height":643},{"@type":"BreadcrumbList","@id":"https:\/\/www.tourismbih.com\/es\/event\/zenica-summer-fest\/#breadcrumb","itemListElement":[{"@type":"ListItem","position":1,"name":"Home","item":"https:\/\/www.tourismbih.com\/es\/"},{"@type":"ListItem","position":2,"name":"Events","item":"https:\/\/www.tourismbih.com\/es\/event\/"},{"@type":"ListItem","position":3,"name":"Festival de Verano de Zenica"}]},{"@type":"WebSite","@id":"https:\/\/www.tourismbih.com\/es\/#website","url":"https:\/\/www.tourismbih.com\/es\/","name":"Turismo Bosnia y Herzegovina: Visita BiH","description":"The heart shaped land at your fingertips","publisher":{"@id":"https:\/\/www.tourismbih.com\/es\/#organization"},"potentialAction":[{"@type":"SearchAction","target":{"@type":"EntryPoint","urlTemplate":"https:\/\/www.tourismbih.com\/es\/?s={search_term_string}"},"query-input":{"@type":"PropertyValueSpecification","valueRequired":true,"valueName":"search_term_string"}}],"inLanguage":"es"},{"@type":"Organization","@id":"https:\/\/www.tourismbih.com\/es\/#organization","name":"Turismo Bosnia y Herzegovina: Visita BiH","url":"https:\/\/www.tourismbih.com\/es\/","logo":{"@type":"ImageObject","inLanguage":"es","@id":"https:\/\/www.tourismbih.com\/es\/#\/schema\/logo\/image\/","url":"https:\/\/www.tourismbih.com\/wp-content\/uploads\/2025\/02\/new-logo-white-resized.svg","contentUrl":"https:\/\/www.tourismbih.com\/wp-content\/uploads\/2025\/02\/new-logo-white-resized.svg","caption":"Turismo Bosnia y Herzegovina: Visita BiH"},"image":{"@id":"https:\/\/www.tourismbih.com\/es\/#\/schema\/logo\/image\/"}}]}},"_links":{"self":[{"href":"https:\/\/www.tourismbih.com\/es\/wp-json\/wp\/v2\/event\/36061","targetHints":{"allow":["GET"]}}],"collection":[{"href":"https:\/\/www.tourismbih.com\/es\/wp-json\/wp\/v2\/event"}],"about":[{"href":"https:\/\/www.tourismbih.com\/es\/wp-json\/wp\/v2\/types\/event"}],"wp:featuredmedia":[{"embeddable":true,"href":"https:\/\/www.tourismbih.com\/es\/wp-json\/wp\/v2\/media\/35081"}],"wp:attachment":[{"href":"https:\/\/www.tourismbih.com\/es\/wp-json\/wp\/v2\/media?parent=36061"}],"wp:term":[{"taxonomy":"category_events","embeddable":true,"href":"https:\/\/www.tourismbih.com\/es\/wp-json\/wp\/v2\/category_events?post=36061"}],"curies":[{"name":"wp","href":"https:\/\/api.w.org\/{rel}","templated":true}]}}

<p><strong>Noches de Verano en Zenica</strong> es un festival cultural que se celebra cada año en Zenica. El festival «Noches de Verano en Zenica» se organizó por primera vez en 1997. Este festival abarca una variedad de eventos como conciertos, obras de teatro, proyecciones de películas, exposiciones, talleres y otras actividades culturales. El objetivo del festival es promover la cultura, el arte y el turismo en Zenica, así como ofrecer entretenimiento y recreación para los ciudadanos y visitantes.</p>
<p>El festival generalmente dura varios días y se lleva a cabo durante el verano, cuando las condiciones climáticas son más favorables para eventos al aire libre. Las Noches de Verano en Zenica atraen a artistas y performers de Bosnia y Herzegovina, así como de otros países, lo que contribuye a la diversidad y riqueza del programa.</p>
<p>Los organizadores del festival se esfuerzan por introducir nuevos contenidos y actividades cada año para atraer al mayor número posible de visitantes y mejorar la vida cultural de Zenica. El festival tiene un impacto significativo en la comunidad local y en la economía, ya que atrae turistas y contribuye a la promoción de la ciudad a nivel regional e internacional.</p>

<p>Noches de Verano en Zenica es un festival cultural que se celebra cada año en Zenica. El festival «Noches de Verano en Zenica» se organizó por primera vez en 1997. Este festival abarca una variedad de eventos como conciertos, obras de teatro, proyecciones de películas, exposiciones, talleres y otras actividades culturales. El objetivo del festival &#8230; <a title="Festival de Verano de Zenica" class="read-more" href="https://www.tourismbih.com/es/event/zenica-summer-fest/" aria-label="Leer más sobre Festival de Verano de Zenica">Leer más</a></p>

<!-- This site is optimized with the Yoast SEO plugin v27.5 - https://yoast.com/product/yoast-seo-wordpress/ -->
<title>Festival de Verano de Zenica - Turismo Bosnia y Herzegovina: Visita BiH</title>
<meta name="robots" content="index, follow, max-snippet:-1, max-image-preview:large, max-video-preview:-1" />
<link rel="canonical" href="https://www.tourismbih.com/es/event/zenica-summer-fest/" />
<meta property="og:locale" content="es_ES" />
<meta property="og:type" content="article" />
<meta property="og:title" content="Festival de Verano de Zenica - Turismo Bosnia y Herzegovina: Visita BiH" />
<meta property="og:description" content="Noches de Verano en Zenica es un festival cultural que se celebra cada año en Zenica. El festival «Noches de Verano en Zenica» se organizó por primera vez en 1997. Este festival abarca una variedad de eventos como conciertos, obras de teatro, proyecciones de películas, exposiciones, talleres y otras actividades culturales. El objetivo del festival ... Leer más" />
<meta property="og:url" content="https://www.tourismbih.com/es/event/zenica-summer-fest/" />
<meta property="og:site_name" content="Turismo Bosnia y Herzegovina: Visita BiH" />
<meta property="article:modified_time" content="2024-08-16T11:33:20+00:00" />
<meta property="og:image" content="https://www.tourismbih.com/wp-content/uploads/2024/08/zenica.jpg" />
	<meta property="og:image:width" content="910" />
	<meta property="og:image:height" content="643" />
	<meta property="og:image:type" content="image/jpeg" />
<meta name="twitter:card" content="summary_large_image" />
<meta name="twitter:label1" content="Tiempo de lectura" />
	<meta name="twitter:data1" content="1 minuto" />
<script type="application/ld+json" class="yoast-schema-graph">{"@context":"https:\/\/schema.org","@graph":[{"@type":"WebPage","@id":"https:\/\/www.tourismbih.com\/es\/event\/zenica-summer-fest\/","url":"https:\/\/www.tourismbih.com\/es\/event\/zenica-summer-fest\/","name":"Festival de Verano de Zenica - Turismo Bosnia y Herzegovina: Visita BiH","isPartOf":{"@id":"https:\/\/www.tourismbih.com\/es\/#website"},"primaryImageOfPage":{"@id":"https:\/\/www.tourismbih.com\/es\/event\/zenica-summer-fest\/#primaryimage"},"image":{"@id":"https:\/\/www.tourismbih.com\/es\/event\/zenica-summer-fest\/#primaryimage"},"thumbnailUrl":"https:\/\/www.tourismbih.com\/wp-content\/uploads\/2024\/08\/zenica.jpg","datePublished":"2024-08-11T09:20:05+00:00","dateModified":"2024-08-16T11:33:20+00:00","breadcrumb":{"@id":"https:\/\/www.tourismbih.com\/es\/event\/zenica-summer-fest\/#breadcrumb"},"inLanguage":"es","potentialAction":[{"@type":"ReadAction","target":["https:\/\/www.tourismbih.com\/es\/event\/zenica-summer-fest\/"]}]},{"@type":"ImageObject","inLanguage":"es","@id":"https:\/\/www.tourismbih.com\/es\/event\/zenica-summer-fest\/#primaryimage","url":"https:\/\/www.tourismbih.com\/wp-content\/uploads\/2024\/08\/zenica.jpg","contentUrl":"https:\/\/www.tourismbih.com\/wp-content\/uploads\/2024\/08\/zenica.jpg","width":910,"height":643},{"@type":"BreadcrumbList","@id":"https:\/\/www.tourismbih.com\/es\/event\/zenica-summer-fest\/#breadcrumb","itemListElement":[{"@type":"ListItem","position":1,"name":"Home","item":"https:\/\/www.tourismbih.com\/es\/"},{"@type":"ListItem","position":2,"name":"Events","item":"https:\/\/www.tourismbih.com\/es\/event\/"},{"@type":"ListItem","position":3,"name":"Festival de Verano de Zenica"}]},{"@type":"WebSite","@id":"https:\/\/www.tourismbih.com\/es\/#website","url":"https:\/\/www.tourismbih.com\/es\/","name":"Turismo Bosnia y Herzegovina: Visita BiH","description":"The heart shaped land at your fingertips","publisher":{"@id":"https:\/\/www.tourismbih.com\/es\/#organization"},"potentialAction":[{"@type":"SearchAction","target":{"@type":"EntryPoint","urlTemplate":"https:\/\/www.tourismbih.com\/es\/?s={search_term_string}"},"query-input":{"@type":"PropertyValueSpecification","valueRequired":true,"valueName":"search_term_string"}}],"inLanguage":"es"},{"@type":"Organization","@id":"https:\/\/www.tourismbih.com\/es\/#organization","name":"Turismo Bosnia y Herzegovina: Visita BiH","url":"https:\/\/www.tourismbih.com\/es\/","logo":{"@type":"ImageObject","inLanguage":"es","@id":"https:\/\/www.tourismbih.com\/es\/#\/schema\/logo\/image\/","url":"https:\/\/www.tourismbih.com\/wp-content\/uploads\/2025\/02\/new-logo-white-resized.svg","contentUrl":"https:\/\/www.tourismbih.com\/wp-content\/uploads\/2025\/02\/new-logo-white-resized.svg","caption":"Turismo Bosnia y Herzegovina: Visita BiH"},"image":{"@id":"https:\/\/www.tourismbih.com\/es\/#\/schema\/logo\/image\/"}}]}</script>
<!-- / Yoast SEO plugin. -->

Noches de Verano en Zenica es un festival cultural que se celebra cada año en Zenica. El festival «Noches de Verano en Zenica» se organizó por primera vez en 1997. Este festival abarca una variedad de eventos como conciertos, obras de teatro, proyecciones de películas, exposiciones, talleres y otras actividades culturales. El objetivo del festival ... Leer más
