{"version":"1.0","provider_name":"Turismo Bosnia ed Erzegovina: Visita BiH","provider_url":"https:\/\/www.tourismbih.com\/it\/","title":"Caff\u00e8 \"Latino\" - Turismo Bosnia ed Erzegovina: Visita BiH","type":"rich","width":600,"height":338,"html":"<blockquote class=\"wp-embedded-content\" data-secret=\"8y6SQob5sU\"><a href=\"https:\/\/www.tourismbih.com\/it\/location\/caffe-latino\/\">Caff\u00e8 &#8220;Latino&#8221;<\/a><\/blockquote><iframe sandbox=\"allow-scripts\" security=\"restricted\" src=\"https:\/\/www.tourismbih.com\/it\/location\/caffe-latino\/embed\/#?secret=8y6SQob5sU\" width=\"600\" height=\"338\" title=\"&#8220;Caff\u00e8 &#8220;Latino&#8221;&#8221; &#8212; Turismo Bosnia ed Erzegovina: Visita BiH\" data-secret=\"8y6SQob5sU\" frameborder=\"0\" marginwidth=\"0\" marginheight=\"0\" scrolling=\"no\" class=\"wp-embedded-content\"><\/iframe><script>\n\/*! This file is auto-generated *\/\n!function(d,l){\"use strict\";l.querySelector&&d.addEventListener&&\"undefined\"!=typeof URL&&(d.wp=d.wp||{},d.wp.receiveEmbedMessage||(d.wp.receiveEmbedMessage=function(e){var t=e.data;if((t||t.secret||t.message||t.value)&&!\/[^a-zA-Z0-9]\/.test(t.secret)){for(var s,r,n,a=l.querySelectorAll('iframe[data-secret=\"'+t.secret+'\"]'),o=l.querySelectorAll('blockquote[data-secret=\"'+t.secret+'\"]'),c=new RegExp(\"^https?:$\",\"i\"),i=0;i<o.length;i++)o[i].style.display=\"none\";for(i=0;i<a.length;i++)s=a[i],e.source===s.contentWindow&&(s.removeAttribute(\"style\"),\"height\"===t.message?(1e3<(r=parseInt(t.value,10))?r=1e3:~~r<200&&(r=200),s.height=r):\"link\"===t.message&&(r=new URL(s.getAttribute(\"src\")),n=new URL(t.value),c.test(n.protocol))&&n.host===r.host&&l.activeElement===s&&(d.top.location.href=t.value))}},d.addEventListener(\"message\",d.wp.receiveEmbedMessage,!1),l.addEventListener(\"DOMContentLoaded\",function(){for(var e,t,s=l.querySelectorAll(\"iframe.wp-embedded-content\"),r=0;r<s.length;r++)(t=(e=s[r]).getAttribute(\"data-secret\"))||(t=Math.random().toString(36).substring(2,12),e.src+=\"#?secret=\"+t,e.setAttribute(\"data-secret\",t)),e.contentWindow.postMessage({message:\"ready\",secret:t},\"*\")},!1)))}(window,document);\n<\/script>\n","description":"Caff\u00e8 &#8220;Latino,&#8221; situato nel suggestivo villaggio di \u0106orali\u0107i, \u00e8 una deliziosa caffetteria che invita i visitatori a vivere un&#8217;atmosfera rilassata, perfetta per gustare una tazza di caff\u00e8 di alta qualit\u00e0. Questo accogliente locale \u00e8 ideale sia per chi desidera consumare il proprio caff\u00e8 sul posto che per chi preferisce l&#8217;asporto, rendendolo una scelta conveniente per ... Leggi tutto"}

Caffè "Latino" - Turismo Bosnia ed Erzegovina: Visita BiH

<blockquote class="wp-embedded-content" data-secret="8y6SQob5sU"><a href="https://www.tourismbih.com/it/location/caffe-latino/">Caffè &#8220;Latino&#8221;</a></blockquote><iframe sandbox="allow-scripts" security="restricted" src="https://www.tourismbih.com/it/location/caffe-latino/embed/#?secret=8y6SQob5sU" width="600" height="338" title="&#8220;Caffè &#8220;Latino&#8221;&#8221; &#8212; Turismo Bosnia ed Erzegovina: Visita BiH" data-secret="8y6SQob5sU" frameborder="0" marginwidth="0" marginheight="0" scrolling="no" class="wp-embedded-content"></iframe><script>
/*! This file is auto-generated */
!function(d,l){"use strict";l.querySelector&&d.addEventListener&&"undefined"!=typeof URL&&(d.wp=d.wp||{},d.wp.receiveEmbedMessage||(d.wp.receiveEmbedMessage=function(e){var t=e.data;if((t||t.secret||t.message||t.value)&&!/[^a-zA-Z0-9]/.test(t.secret)){for(var s,r,n,a=l.querySelectorAll('iframe[data-secret="'+t.secret+'"]'),o=l.querySelectorAll('blockquote[data-secret="'+t.secret+'"]'),c=new RegExp("^https?:$","i"),i=0;i<o.length;i++)o[i].style.display="none";for(i=0;i<a.length;i++)s=a[i],e.source===s.contentWindow&&(s.removeAttribute("style"),"height"===t.message?(1e3<(r=parseInt(t.value,10))?r=1e3:~~r<200&&(r=200),s.height=r):"link"===t.message&&(r=new URL(s.getAttribute("src")),n=new URL(t.value),c.test(n.protocol))&&n.host===r.host&&l.activeElement===s&&(d.top.location.href=t.value))}},d.addEventListener("message",d.wp.receiveEmbedMessage,!1),l.addEventListener("DOMContentLoaded",function(){for(var e,t,s=l.querySelectorAll("iframe.wp-embedded-content"),r=0;r<s.length;r++)(t=(e=s[r]).getAttribute("data-secret"))||(t=Math.random().toString(36).substring(2,12),e.src+="#?secret="+t,e.setAttribute("data-secret",t)),e.contentWindow.postMessage({message:"ready",secret:t},"*")},!1)))}(window,document);
</script>

Caffè &#8220;Latino,&#8221; situato nel suggestivo villaggio di Ćoralići, è una deliziosa caffetteria che invita i visitatori a vivere un&#8217;atmosfera rilassata, perfetta per gustare una tazza di caffè di alta qualità. Questo accogliente locale è ideale sia per chi desidera consumare il proprio caffè sul posto che per chi preferisce l&#8217;asporto, rendendolo una scelta conveniente per ... Leggi tutto
