{"version":"1.0","provider_name":"Turismo Bosnia ed Erzegovina: Visita BiH","provider_url":"https:\/\/www.tourismbih.com\/it\/","title":"Carpe Diem Caff\u00e8 - Turismo Bosnia ed Erzegovina: Visita BiH","type":"rich","width":600,"height":338,"html":"<blockquote class=\"wp-embedded-content\" data-secret=\"YEe1oyshSu\"><a href=\"https:\/\/www.tourismbih.com\/it\/location\/carpe-diem-caffe\/\">Carpe Diem Caff\u00e8<\/a><\/blockquote><iframe sandbox=\"allow-scripts\" security=\"restricted\" src=\"https:\/\/www.tourismbih.com\/it\/location\/carpe-diem-caffe\/embed\/#?secret=YEe1oyshSu\" width=\"600\" height=\"338\" title=\"&#8220;Carpe Diem Caff\u00e8&#8221; &#8212; Turismo Bosnia ed Erzegovina: Visita BiH\" data-secret=\"YEe1oyshSu\" frameborder=\"0\" marginwidth=\"0\" marginheight=\"0\" scrolling=\"no\" class=\"wp-embedded-content\"><\/iframe><script>\n\/*! This file is auto-generated *\/\n!function(d,l){\"use strict\";l.querySelector&&d.addEventListener&&\"undefined\"!=typeof URL&&(d.wp=d.wp||{},d.wp.receiveEmbedMessage||(d.wp.receiveEmbedMessage=function(e){var t=e.data;if((t||t.secret||t.message||t.value)&&!\/[^a-zA-Z0-9]\/.test(t.secret)){for(var s,r,n,a=l.querySelectorAll('iframe[data-secret=\"'+t.secret+'\"]'),o=l.querySelectorAll('blockquote[data-secret=\"'+t.secret+'\"]'),c=new RegExp(\"^https?:$\",\"i\"),i=0;i<o.length;i++)o[i].style.display=\"none\";for(i=0;i<a.length;i++)s=a[i],e.source===s.contentWindow&&(s.removeAttribute(\"style\"),\"height\"===t.message?(1e3<(r=parseInt(t.value,10))?r=1e3:~~r<200&&(r=200),s.height=r):\"link\"===t.message&&(r=new URL(s.getAttribute(\"src\")),n=new URL(t.value),c.test(n.protocol))&&n.host===r.host&&l.activeElement===s&&(d.top.location.href=t.value))}},d.addEventListener(\"message\",d.wp.receiveEmbedMessage,!1),l.addEventListener(\"DOMContentLoaded\",function(){for(var e,t,s=l.querySelectorAll(\"iframe.wp-embedded-content\"),r=0;r<s.length;r++)(t=(e=s[r]).getAttribute(\"data-secret\"))||(t=Math.random().toString(36).substring(2,12),e.src+=\"#?secret=\"+t,e.setAttribute(\"data-secret\",t)),e.contentWindow.postMessage({message:\"ready\",secret:t},\"*\")},!1)))}(window,document);\n<\/script>\n","description":"Carpe Diem Caff\u00e8, situato in Zaima Imamovi\u0107a bb a Gora\u017ede, \u00e8 un incantevole caff\u00e8 che invita i visitatori a rilassarsi in un ambiente accogliente. Conosciuto per la sua atmosfera invitante, questo caff\u00e8 offre una deliziosa selezione di bevande perfette per qualsiasi momento della giornata, sia che preferiate una calda tazza di caff\u00e8 o una rinfrescante ... Leggi tutto"}

Carpe Diem Caffè - Turismo Bosnia ed Erzegovina: Visita BiH

<blockquote class="wp-embedded-content" data-secret="YEe1oyshSu"><a href="https://www.tourismbih.com/it/location/carpe-diem-caffe/">Carpe Diem Caffè</a></blockquote><iframe sandbox="allow-scripts" security="restricted" src="https://www.tourismbih.com/it/location/carpe-diem-caffe/embed/#?secret=YEe1oyshSu" width="600" height="338" title="&#8220;Carpe Diem Caffè&#8221; &#8212; Turismo Bosnia ed Erzegovina: Visita BiH" data-secret="YEe1oyshSu" frameborder="0" marginwidth="0" marginheight="0" scrolling="no" class="wp-embedded-content"></iframe><script>
/*! This file is auto-generated */
!function(d,l){"use strict";l.querySelector&&d.addEventListener&&"undefined"!=typeof URL&&(d.wp=d.wp||{},d.wp.receiveEmbedMessage||(d.wp.receiveEmbedMessage=function(e){var t=e.data;if((t||t.secret||t.message||t.value)&&!/[^a-zA-Z0-9]/.test(t.secret)){for(var s,r,n,a=l.querySelectorAll('iframe[data-secret="'+t.secret+'"]'),o=l.querySelectorAll('blockquote[data-secret="'+t.secret+'"]'),c=new RegExp("^https?:$","i"),i=0;i<o.length;i++)o[i].style.display="none";for(i=0;i<a.length;i++)s=a[i],e.source===s.contentWindow&&(s.removeAttribute("style"),"height"===t.message?(1e3<(r=parseInt(t.value,10))?r=1e3:~~r<200&&(r=200),s.height=r):"link"===t.message&&(r=new URL(s.getAttribute("src")),n=new URL(t.value),c.test(n.protocol))&&n.host===r.host&&l.activeElement===s&&(d.top.location.href=t.value))}},d.addEventListener("message",d.wp.receiveEmbedMessage,!1),l.addEventListener("DOMContentLoaded",function(){for(var e,t,s=l.querySelectorAll("iframe.wp-embedded-content"),r=0;r<s.length;r++)(t=(e=s[r]).getAttribute("data-secret"))||(t=Math.random().toString(36).substring(2,12),e.src+="#?secret="+t,e.setAttribute("data-secret",t)),e.contentWindow.postMessage({message:"ready",secret:t},"*")},!1)))}(window,document);
</script>

Carpe Diem Caffè, situato in Zaima Imamovića bb a Goražde, è un incantevole caffè che invita i visitatori a rilassarsi in un ambiente accogliente. Conosciuto per la sua atmosfera invitante, questo caffè offre una deliziosa selezione di bevande perfette per qualsiasi momento della giornata, sia che preferiate una calda tazza di caffè o una rinfrescante ... Leggi tutto
